. What is the remainder when 4 is divided by ((o + 0)*-3)/y?
1
Let w(x) = -15*x - 1. Calculate the remainder when 52 is divided by w(-1).
10
Let t(z) be the third derivative of z**4/8 + 5*z**3/6 + z**2. What is the remainder when t(4) is divided by 2/6*(1 - -17)?
5
Suppose 2*y + 3*z - 26 = -2*z, 13 = y + z. Let o(w) = 50*w - 1. Calculate the remainder when o(1) is divided by y.
10
Suppose -7*n = -2*n - 95. Let o(w) = w**2 + 1. Calculate the remainder when o(6) is divided by n.
18
Let k = 121 - 89. Calculate the remainder when 91 is divided by k.
27
Suppose 4*k + 11 = 55. Suppose -4*c = -5*u + 58, 4*c = 3 - k. Calculate the remainder when 18 is divided by u.
8
What is the remainder when 0 + -5 + 1 + 55 is divided by 13?
12
Suppose 5*f - f = -16. Let s(a) = 2*a**2 + 5*a + 2. Calculate the remainder when s(f) is divided by 27/18 + (-18)/(-4) + 2.
6
Suppose -5*v + 2 = -3. What is the remainder when (v/3)/((-1)/(-3)) is divided by 1?
0
Let b(o) = -2*o**3 - 6*o**2 + 4*o - 1. What is the remainder when b(-6) is divided by 48?
47
Let r(q) = -q**3 - 8*q**2 - 4*q - 5. Let m be r(-8). Calculate the remainder when 23 is divided by 1/(3/m) + -1.
7
Suppose 5*u = 13 + 82. Let f be (6/2)/(6/(-4)). Let x = f - -7. What is the remainder when u is divided by x?
4
Let x(s) = -s + 33. Let j(r) = -r. What is the remainder when x(12) is divided by j(-6)?
3
Let v(n) = -n**3 + 6*n**2 + 7*n + 4. Let l be v(7). What is the remainder when -4*((-287)/l)/7 is divided by 22?
19
Suppose -5*x = -t + 5*t - 30, -5*t + 3*x + 19 = 0. Suppose 0 = -t*f + f + 40. What is the remainder when 18 is divided by f?
8
Let m(u) be the third derivative of -u**6/120 - u**5/60 - u**4/8 - u**3/6 - 2*u**2. What is the remainder when m(-4) is divided by 20?
19
Let y be (-2)/(-6) + 14/(-6). Calculate the remainder when 3 + ((-267)/(-12) - 8/32) is divided by y - -12 - (-2)/(-2).
7
Let b = 25 + -11. Calculate the remainder when 41 is divided by b.
13
Let j be 6/(-3) - (0 + -21). Let q = j - 7. Calculate the remainder when 23 is divided by q.
11
Suppose 4*h = -4*y + h + 109, -2*h = -y + 19. Let r = y + -6. Suppose -7 = 2*k - 79. What is the remainder when k is divided by r?
17
Let w be (4/(-4))/((-1)/2). Calculate the remainder when 9 is divided by w/5 + (-69)/(-15).
4
Let r = -8 + 10. Suppose -2*j = r*j - 1360. What is the remainder when j/30 - 2/(-3) is divided by 5?
2
Let b(s) = -2*s + 6. Let k be b(4). What is the remainder when ((-1)/k)/(4/192) is divided by 5?
4
Let u(b) = 22*b + 9. What is the remainder when u(5) is divided by 30?
29
Suppose -i = 2*i + 168. Let a(t) = t**2 - 5*t + 1. Let j be a(-8). Let w = j + i. What is the remainder when w is divided by 17?
15
Suppose 4*f = -0*f - 108. Let i = f - -68. Calculate the remainder when i is divided by 14.
13
Let i = 16 - 5. Calculate the remainder when i is divided by (126/(-54))/((-1)/3).
4
Let y be -8 - -7 - (-1 - 2). Suppose -5*k = 6*c - 2*c - 77, 29 = y*k + c. Calculate the remainder when 38 is divided by k.
12
Let o = -3 + 40. Let f = 7 + 6. Calculate the remainder when o is divided by f.
11
Let h(y) be the first derivative of 3 - 1/3*y**3 + 6*y**2 - 5*y. What is the remainder when h(8) is divided by 14?
13
Suppose i - 1 = 0, 0*w = -4*w - 4*i - 140. Let a be w/(-20) + 2/10. Suppose 0*d = -a*d - 4, 2*x + 4*d - 74 = 0. Calculate the remainder when x is divided by 11.
8
Suppose b + 4 = 10. What is the remainder when 6 is divided by b?
0
Let a = 53 - 40. Calculate the remainder when 22 is divided by a.
9
Suppose -l = 5, -j + 28 = -3*l - 2. Suppose -4*i + 33 + 134 = 5*m, 2*i + m = 85. What is the remainder when i is divided by j?
13
Suppose 5*o = -y + 103, -3*o - 17 + 88 = -4*y. Let d = 44 - o. Calculate the remainder when d is divided by 12.
11
Suppose 5*k + 35 = 90. Let j = 41 - k. Calculate the remainder when j is divided by 11.
8
Let z(q) = 5*q - 18. What is the remainder when 38 is divided by z(6)?
2
Suppose -6 = -3*j, -3*j - 2*j = -2*z + 42. What is the remainder when 50 is divided by z?
24
Let f(z) = z**2 + 2*z + 1. Let w be f(-1). Suppose w = 3*i + 4*c - 25, -5*i + 4*c = -90 - 5. Calculate the remainder when i is divided by 4.
3
Suppose 4*a - 7*a = 0. Let c be (0 - a) + 2 - -163. Calculate the remainder when 34 is divided by 3/2 + c/10.
16
Let a(m) = m**2 + 7*m - 10. What is the remainder when 55 is divided by a(3)?
15
Suppose -2*w = 0, -a + 0*w - 3*w = -2. Suppose -1 = 336*d - 337*d. What is the remainder when a is divided by d?
0
Let r be 4/10*(-30)/(-6). Let j be r/8*6*10. Suppose -j = -4*y + 5. Calculate the remainder when 19 is divided by y.
4
Suppose -w + 27 = -2*r, 4*w - 4*r - 128 = -6*r. Let x = -34 + 125. Calculate the remainder when x is divided by w.
29
Suppose 0 = 3*s - 9 - 0. What is the remainder when 11 is divided by s?
2
Suppose -3*p = -1 - 5. Suppose p*y - 16 = -0*y. Calculate the remainder when 15 is divided by y.
7
Let h(p) = 23*p + 23. What is the remainder when h(7) is divided by 37?
36
What is the remainder when (1 + 1)*(6 + 17) is divided by -3 - (-16 - -1)*1?
10
Suppose 745 = 5*m + 190. Suppose 0 = 4*a - m - 105. Calculate the remainder when a is divided by 14.
12
Let z = 3 + 7. What is the remainder when 39 is divided by z?
9
Let j = 0 + 2. Let b be (j - 80/2) + -1. Let m = b - -58. What is the remainder when m is divided by 10?
9
Let n = 147 + -129. Let p = -21 - -15. Calculate the remainder when n is divided by (10/(-3))/(2/p).
8
Suppose 0 = -5*i - 0*y + y + 336, 20 = 5*y. What is the remainder when 269 is divided by i?
65
Suppose -5*x + 171 - 11 = 0. Calculate the remainder when 62 is divided by x.
30
Let w(m) = -2*m - 6. Let a be w(-6). Suppose r + 30 = a*r. What is the remainder when 16 is divided by r?
4
Let m = 92 - 44. What is the remainder when m is divided by 25?
23
Let f = -10 + 10. Suppose f = 3*b - 81 - 117. Calculate the remainder when b is divided by 17.
15
Let r = 16 + -11. Suppose -r*w = -101 - 114. What is the remainder when w is divided by 15?
13
Let o = -66 + 96. Let j(c) = -c**3 - c**2 + 2*c - 4. What is the remainder when o is divided by j(-3)?
6
Calculate the remainder when (9/12)/(1/68) is divided by 13.
12
Let j(l) = l**2 - 16*l + 19. Calculate the remainder when 21 is divided by j(15).
1
What is the remainder when 65 is divided by (-1)/2 - (3 + 164/(-8))?
14
Suppose -4*j = -2*j - 26. Calculate the remainder when 51 is divided by j.
12
Let p = 106 + -60. Calculate the remainder when p is divided by 24.
22
Suppose 3*j - 4*k + 9 = 4*j, 5*j + 5*k - 75 = 0. Calculate the remainder when (-2)/8 + ((-615)/(-12) - 1) is divided by j.
16
Suppose 10 = 4*y - 18. Suppose 3*v = 2*a - 64, -4*a + v + 124 = -3*v. Let t = -10 + a. What is the remainder when t is divided by y?
5
Suppose -t + 6*t - 17 = -c, -4*t + 6 = -3*c. Suppose t*n - 65 = -2*n. What is the remainder when n is divided by 5?
3
Let g(n) = -20*n + 1. Let h be g(2). Let p = 68 + h. What is the remainder when 113 is divided by p?
26
Suppose -3*n = -2*n - 22. What is the remainder when n is divided by 6?
4
Let c = -1 - 0. Calculate the remainder when ((-58)/(-4))/(1/2) is divided by c - 11*1/(-1).
9
Let k(w) = 13*w**3 - 4*w**2 + 5*w - 3. Calculate the remainder when k(2) is divided by 24.
23
Suppose 3 - 1 = b. Suppose 0*o - o = -b. Suppose 3*g - 56 = 4*x, -o*g = -2*x - 0*x - 36. What is the remainder when 31 is divided by g?
15
Let c = -6 + 8. Suppose -3*o + c*o = -29. What is the remainder when o is divided by 8?
5
Suppose -46 - 19 = -5*v. Let y be (-1 - -3)*30/(-12). Let t = y - -9. What is the remainder when v is divided by t?
1
Suppose -2*x - 10 + 0 = 0. Calculate the remainder when 11 is divided by (-16)/x - (-11)/(-55).
2
Suppose 0 = b - 3*b + 16. Let n(g) = -g - 2. Let f be n(-4). Suppose 4*c - f*j = 90, 3*c = -2*j + 4*j + 68. What is the remainder when c is divided by b?
6
Suppose 5*l + 17 + 53 = 5*y, -4*y - l = -66. Calculate the remainder when y is divided by 3.
1
Suppose 0 = f + 2*t - 1, 5*t + 17 = 5*f - 18. Suppose 2*x - f + 3 = 0. What is the remainder when 2/(-1) - (0 - 3) is divided by x?
0
Suppose -6 = -2*l - l. Calculate the remainder when 2 is divided by l.
0
Let m = 30 + -52. Let i = -6 - m. What is the remainder when 62 is divided by i?
14
Let l(q) = -2*q - 2. Suppose z + 7 = -3*p, 0*p = -5*z + 2*p - 1. Let u be ((-1)